= -6*t**3 - 2*t**2 - t + 1. Give p(-2).
43
Let m(b) = -2*b**3 + 8*b**2 + b + 2. Calculate m(5).
-43
Let c(p) = -2*p + 2. What is c(-4)?
10
Let x(t) = -t**2 + 6*t + 25. What is x(11)?
-30
Let d(b) = 13*b - 60. What is d(6)?
18
Let l(s) = -s - 6. Determine l(12).
-18
Let r(t) = t + 1. Give r(-7).
-6
Let q(u) = -u**2 - 9*u + 31. Calculate q(-13).
-21
Let t(b) = 9*b**2 + 9*b + 9. Give t(-1).
9
Let p(g) = g**3 - 24*g**2 + 25*g - 39. Give p(23).
7
Let f(h) = h**3 + 4*h**2 + 7*h + 10. Give f(-3).
-2
Let a(u) = -25*u**2 + 3*u + 8. What is a(-1)?
-20
Let r(o) = -2*o + 53. Calculate r(6).
41
Let m(d) = d**2 - 2*d - 2. Calculate m(0).
-2
Let a(m) = m**2 - 2*m - 2. What is a(7)?
33
Let i(w) = -3*w**2 - 15*w + 14. Calculate i(-8).
-58
Let x(b) = -b - 18. What is x(-8)?
-10
Let c(r) = r**2 - 5*r - 6. Determine c(5).
-6
Let n(v) = -v**3 - 12*v**2 + 12*v + 3. Give n(-13).
16
Let i(w) = -w**3 - 30*w**2 + 29*w - 65. What is i(-31)?
-3
Let w(a) = a**2 - 6*a + 34. Calculate w(4).
26
Let u(j) = -j**3 + 4*j**2 - j. What is u(5)?
-30
Let d(c) = -9*c + 6. What is d(5)?
-39
Let j(h) = h**3 - 14*h**2 + 13*h + 8. Calculate j(13).
8
Let n(b) = 16*b - 63. Give n(6).
33
Let s(j) = j**3 + 16*j**2 - 4*j + 37. Determine s(-16).
101
Let n(x) = 26*x + 341. Calculate n(-13).
3
Let a(g) = -2*g**2 + 10*g + 2. What is a(5)?
2
Let p(h) = -h**2 + 11*h + 1. Give p(11).
1
Let h(g) = 2*g + 4. Give h(1).
6
Let w(d) = -13*d - 172. What is w(-13)?
-3
Let h(q) = 22*q + 8. Calculate h(-1).
-14
Let d(g) = g**2 + 8*g - 63. What is d(-12)?
-15
Let f(y) = y**3 - 15. Calculate f(0).
-15
Let d(x) = x**3 - 20*x**2 - 45*x - 30. Calculate d(22).
-52
Let h(d) = 3*d**2 + 24*d + 5. Give h(-6).
-31
Let z(i) = -14*i + 25. What is z(6)?
-59
Let t(w) = w**2 - 5*w - 17. Calculate t(13).
87
Let y(d) = -d**3 - 9*d**2 - 2*d - 6. What is y(-8)?
-54
Let h(d) = -d - 14. Determine h(-11).
-3
Let m(n) = -2*n - 28. Determine m(-10).
-8
Let w(d) = 2*d**2 + 47*d - 31. Calculate w(-24).
-7
Let j(r) = r**2 - 8*r - 1. Give j(5).
-16
Let v(o) = -o + 6. Determine v(6).
0
Let r(u) = -u**2 - u. What is r(2)?
-6
Let m(k) = k**2 + k - 8. What is m(4)?
12
Let j(z) = 2*z**2 - 39*z - 23. Determine j(20).
-3
Let h(c) = 7*c - 4. Calculate h(-2).
-18
Let v(x) = -11*x**2 - 220*x - 5. Determine v(-20).
-5
Let t(c) = -4*c**2 - 2*c - 1. Determine t(-1).
-3
Let i(m) = -m**3 + 15*m**2 - 15*m + 19. Give i(14).
5
Let c(u) = u**2 + 5*u + 14. Give c(-3).
8
Let q(n) = -n**2 - 18*n + 23. Calculate q(-18).
23
Let m(u) = 8*u**3 - 2*u**2 - u - 2. Give m(2).
52
Let k(x) = -x + 60. What is k(5)?
55
Let c(j) = -j**3 + 21*j**2 + 42*j + 91. Give c(23).
-1
Let s(w) = -12*w + 7. What is s(3)?
-29
Let s(r) = r**2 + 13*r + 24. Determine s(-13).
24
Let q(j) = 2*j**2 - 49*j - 48. What is q(25)?
-23
Let j(r) = -476*r - 1907. Determine j(-4).
-3
Let l(u) = u**2 + 2*u - 2. Determine l(-3).
1
Let b(w) = w**3 + 29*w**2 + w + 31. Give b(-29).
2
Let n(w) = 15*w + 10. Determine n(-3).
-35
Let s(h) = h**3 - 16*h**2 - 41*h - 23. Give s(18).
-113
Let x(p) = p**3 + 3*p**2 + p + 24. Give x(0).
24
Let f(d) = -d**3 - 15*d**2 + 47*d + 213. Determine f(-17).
-8
Let m(f) = 2*f**2 - 13*f + 4. Give m(5).
-11
Let g(z) = z**3 + 27*z**2 + 8. Calculate g(-27).
8
Let l(h) = h**3 - 6*h**2 - 2*h + 10. Calculate l(6).
-2
Let t(g) = 2*g**3 - 16*g**2 + 27*g + 5. Give t(5).
-10
Let b(s) = 28*s + 397. What is b(-14)?
5
Let c(s) = -s - 1. Determine c(0).
-1
Let d(x) = x**2 - 13*x + 15. Determine d(11).
-7
Let r(x) = -21*x - 196. Give r(-9).
-7
Let r(q) = -q**3 - q + 21. Calculate r(0).
21
Let y(f) = 5*f - 8. What is y(4)?
12
Let o(t) = 3*t - 9. Calculate o(8).
15
Let k(w) = 15*w + 10. What is k(-1)?
-5
Let i(d) = 2*d - 23. Give i(24).
25
Let v(p) = -50*p + 144. Calculate v(3).
-6
Let r(i) = -5*i**2 + 9*i - 8. Calculate r(2).
-10
Let n(y) = y**2 + 17*y - 45. Give n(-18).
-27
Let u(p) = p**2 + 20*p + 40. Determine u(-16).
-24
Let z(l) = -17*l + 9. What is z(2)?
-25
Let u(r) = -r**2 + 31*r + 217. Determine u(-6).
-5
Let d(w) = w**3 + 35*w**2 + 34*w + 7. What is d(-34)?
7
Let n(i) = 115*i - 6. Determine n(-1).
-121
Let x(l) = -9*l - 80. Give x(-9).
1
Let x(j) = j**3 + 22*j**2 - 4. Determine x(-22).
-4
Let s(d) = d**2 + 11*d - 52. Determine s(-14).
-10
Let d(z) = -z**3 + 5*z**2 - 4*z + 1. Determine d(4).
1
Let z(n) = -4*n + 1. What is z(-2)?
9
Let l(m) = 5*m - 52. What is l(9)?
-7
Let t(k) = -k**3 - 10*k**2 - 30*k - 18. Determine t(-5).
7
Let p(a) = a**2 + 2*a - 9. Give p(-5).
6
Let y(z) = -z**2 - 11*z. Determine y(-8).
24
Let r(b) = b**2 - 4*b - 27. Give r(9).
18
Let p(n) = 3*n**2 - 43*n + 21. What is p(14)?
7
Let l(n) = -8*n + 8. Calculate l(2).
-8
Let z(j) = 2*j**3 - 65*j**2 + 33*j - 38. What is z(32)?
-6
Let y(n) = -n**3 - 12*n**2 + 61*n - 53. Give y(-16).
-5
Let p(h) = h**3 - 2*h + 3. Calculate p(2).
7
Let v(l) = l - 17. Calculate v(-14).
-31
Let i(x) = -x**3 - 9*x**2 - x - 10. Give i(-9).
-1
Let u(i) = 7*i + 7. Calculate u(-6).
-35
Let u(j) = 15*j**3 + j**2 - j + 1. Calculate u(1).
16
Let u(p) = -2*p**2 + 9*p - 17. Give u(3).
-8
Let u(b) = b**3 + 5*b**2 + 9*b + 26. Give u(-4).
6
Let v(b) = -b**2 - 8*b + 2. Calculate v(6).
-82
Let a(b) = 2*b**3 - 21*b**2 + 6*b - 1. What is a(10)?
-41
Let n(p) = p**3 - 51*p**2 + 54*p - 197. Calculate n(50).
3
Let k(s) = 2*s**3 - s**2 - 6*s + 5. What is k(2)?
5
Let u(c) = 18*c**2 - 2*c + 1. What is u(1)?
17
Let s(v) = -v**2 - 10*v + 3. Calculate s(-11).
-8
Let p(l) = 38*l + 54. Give p(-2).
-22
Let a(s) = -s**2 - 9*s + 18. Give a(-11).
-4
Let s(p) = p**2 - 7*p + 11. Calculate s(6).
5
Let x(w) = -23*w + 8. Determine x(-2).
54
Let a(u) = u**2 + 8*u + 4. Determine a(-8).
4
Let i(a) = 13*a**3 - 4*a - 6. Determine i(-2).
-102
Let w(f) = -f**3 + 3*f + 3. Give w(-3).
21
Let j(c) = -5*c**2 + 112*c - 38. Give j(22).
6
Let r(i) = -17*i - 13. What is r(-1)?
4
Let c(g) = 3*g - 26. What is c(5)?
-11
Let j(c) = 3*c - 1. Calculate j(-2).
-7
Let s(b) = -11*b + 48. Give s(2).
26
Let i(d) = -d**2 + 6*d - 1. What is i(2)?
7
Let h(u) = u**3 + 15*u**2 + 17*u + 32. What is h(-14)?
-10
Let n(j) = j + 27. What is n(-20)?
7
Let m(u) = -99*u**2 + 2*u. What is m(1)?
-97
Let c(h) = h**2 - 15*h + 31. Give c(13).
5
Let f(z) = -z**2 - 8*z - 1. Give f(-3).
14
Let a(n) = -2*n - 7. Give a(3).
-13
Let f(c) = -c - 26. What is f(-3)?
-23
Let f(r) = -2*r - 6. Calculate f(-13).
20
Let n(w) = -2*w**2 + 2*w - 2. Calculate n(2).
-6
Let u(y) = -y**3 - 8*y**2 + 6*y - 17. Calculate u(-9).
10
Let x(w) = -4*w + 18. Give x(10).
-22
Let y(p) = -p**3 - 48*p**2 - 93*p - 34. What is y(-46)?
12
Let m(f) = -15*f**2 - 2*f - 1. What is m(-1)?
-14
Let q(t) = -t**2 - 20*t - 84. What is q(-6)?
0
Let l(z) = z - 22. Calculate l(0).
-22
Let z(g) = -g**2 + 1. Give z(4).
-15
Let a(g) = g**3 - g**2 - 2*g - 7. Calculate a(3).
5
Let i(b) = -b**3 + 10*b**2 + 4*b - 2. What is i(10)?
38
Let a(m) = m**2 + m + 2. Calculate a(0).
2
Let n(q) = -q - 2. Give n(-11).
9
Let c(z) = -z**3 - 23*z**2 - 39*z - 27. Calculate c(-21).
-90
Let w(d) = -d**3 + 10*d**2 - 14*d + 33. Determine w(8).
49
Let h(u) = -16*u - 2. Give h(-1).
14
Let s(t) = -61*t + 1. Calculate s(-1).
62
Let s(l) = 2*l**3 + 4*l**2 + l - 2. Give s(-3).
-23
Let o(s) = s**2 - 8*s + 19. What is o(6)?
7
Let m(r) = r**3 + 3*r**2 - 9*r - 17. Calculate m(4).
59
Let k(v) = -4*v**2 + 46. Give k(-6).
-98
Let i(x) = -x**3 - 9*x**2 - 6*x + 9. Determine i(-8).
-7
Let j(x) = x**3 - 6*x**2 + 10*x - 25. Give j(5).
0
Let m(l) = -l - 9. Calculate m(12).
-21
Let v(k) = -21*k + 11. Give v(4).
-73
Let u(z) = -2*z**2 + z - 24. Calculate u(0).
-24
Let p(q) = q**3 - 12*q**2 - 21*q + 22. Give p(13).
-82
Let t(w) = -w**2 + 5*w - 1. Calculate t(4).
3
Let f(o) = o**3 - 6*o**2 - 11*o - 55. Determine f(8).
-15
Let p(l) = -l**3 + 6*l**2 + 41*l - 10. Determine p(10).
0
Let g(p) = p**3 - 7*p**2 - 7*p + 7. Give g(8).
15
Let a(m) = -2*m**2 + 17*m + 5. Determine a(9).
-4
Let y(o) = -o**2 + 3*o - 2. What is y(4)?
-6
Let h(k) = 15*k**2 + 3*k + 1. What is h(-1)?
13
Let w(n) = -n**3 - 6*n**2 - 6*n - 4. Calculate w(-5).
1
Let c(j) = j + 18. What is c(-12)?
6
Let i(l) = l**3 + 6*l**2 + 2*l + 1. Calculate i(-4).
25
Let c(s) = s**2 - 8*s + 16. Give c(8).
16
Let r(d) = -29*d - 149. What is r(-5)?
-4
Let y(t) = 2*t**2 - 7*t - 156. What is y(-7)?
-9
Let s(p) = p**2 + p - 14. Determine s(0).
-14
Let n(v) = -v**3 - 12*v